ive o(-12).
8
Let h(l) = 7*l - 9. Let k(i) = -5*i. Let n(c) = -h(c) - k(c). Determine n(-7).
23
Let o(c) = -c - 10*c**3 - 1 + 1. Suppose -4*p - 5*f + 29 = 0, 5*f + 1 = 26. Give o(p).
-11
Suppose y - 10 = 3*y, k + 7 = -2*y. Let x(t) = -t**2 + t + 1. Let s(g) = g**3 + 239*g - 124*g - 117*g + 6*g**2. Let c(v) = k*x(v) + s(v). Give c(-3).
0
Let w(i) be the second derivative of -i**5/20 + 2*i**4/3 + 5*i**3/3 - 11*i**2/2 + 2*i + 12. Determine w(9).
-2
Let f = -131 + 131. Suppose 4*i - 12 = f, -6*v + 2*v + 5*i - 43 = 0. Let b(j) = j + 5. Determine b(v).
-2
Let t(u) = -2*u**3 - 34*u**2 - 7. Let w be t(-17). Let m(b) = -b**3 - 8*b**2 - 7*b + 15. What is m(w)?
15
Let p(q) = -q**3 - 2*q**2 + 4*q. Let i be (((-20)/(-30))/1)/((-4)/18). Give p(i).
-3
Let r be (1 + 16/(-12))/((-4)/48). Let x(o) = -2*o**3 + o**2 + 9*o - 12. Let k(g) = 0 + 6 + 0*g - 4*g + g**3. Let z(n) = -5*k(n) - 3*x(n). What is z(r)?
-6
Let u(b) = b - 7. Let q(a) = -14*a**2 - 23*a - 22. Let p(n) = -5*n**2 - 8*n - 7. Let y(d) = -17*p(d) + 6*q(d). Let x be y(-4). What is u(x)?
4
Let r(t) = t**2 + t + 12. Let u(v) = -5*v - 165. Let m be u(-33). Determine r(m).
12
Let q = 128 + -74. Let l be (36/q)/((-1)/(-6)). Let j(z) = -z**3 - z + 1. Let r(x) = 4*x**2 - x + 3. Let c(m) = j(m) + r(m). What is c(l)?
-4
Let c be (-34)/51 - 13/3. Let z(f) be the first derivative of 3/2*f**2 - 4/3*f**3 + 4*f + 9 - 1/4*f**4. Calculate z(c).
14
Let q be (-2 + 2)*(0 + -1). Let d(x) be the third derivative of x**7/840 - x**4/3 - 2*x**3 - x**2. Let w(m) be the first derivative of d(m). What is w(q)?
-8
Let g(h) = 2*h**2 - 2*h. Let a(z) = -z**2 - 6*z - 3. Let i be a(-5). Calculate g(i).
4
Suppose 7 = -2*w + 5*p, -3*p - 31 = -w - 37. Let r(g) = -g**2 + 8*g + 4. Determine r(w).
-5
Let z(q) = 4*q**2 - 8*q + 2. Let y(b) = b**2 - b. Let v(f) = 3*y(f) - z(f). Let a be 4/(-14) - (-6 - (-20)/(-70)). Determine v(a).
-8
Let o(n) be the second derivative of -n**3/6 - n**2 - 58*n - 3. Give o(9).
-11
Let r be ((-324)/(-45) - 9)/((-3)/(-10)). Let b(m) = 3 - 8*m - 5*m**2 - 1 + 10*m. Let o(i) = i**2 - i + 1. Let z(a) = -b(a) - 4*o(a). Determine z(r).
18
Let u be (-35)/(-6) + (-89)/(-534). Let q(o) = 2*o**2 - 5*o + 6. Determine q(u).
48
Let i(v) = 3*v - 55. Let z = -1319 + 1337. Give i(z).
-1
Suppose -10 = -5*w - 0. Let i(b) = -2*b**3 + 4*b**2 - 2*b - 2. Determine i(w).
-6
Suppose -p = 2, 2*p - 2 = 5*z - 1. Suppose -9 = -4*u + 4*f + 19, -f = 4. Let o be 3 - (u + -1) - z. Let i(x) = -x**2 - 3*x + 3. Determine i(o).
-7
Let o(g) = -30*g + 11. Let j(c) = -23*c + 10. Let r(q) = 4*j(q) - 3*o(q). Give r(4).
-1
Let u be -1*(-3 + -1)/2. Suppose -j = -u*j + 3*j. Let t(m) = m + 11. Calculate t(j).
11
Let q(j) = j**3 + 15*j**2 - 15*j - 7. Suppose -9*x = 194 - 50. Calculate q(x).
-23
Let w be (-3)/3*7 - -2. Let c(b) be the third derivative of 1/15*b**5 + 0*b + 0 + b**2 + 1/120*b**6 + b**3 - 5/24*b**4. Give c(w).
6
Let g(m) = -m**3 - 4*m**2 - 2*m + 3. Suppose -3*y = -10 + 19. Calculate g(y).
0
Let y(w) = -w**2 + 12*w - 2. Let s(r) = -r**3 + 2*r**2 + 12*r - 4. Let t be s(4). Give y(t).
-2
Let o(w) be the third derivative of -w**4/6 + w**3/6 + w**2 - 2*w. What is o(-5)?
21
Let z(u) be the third derivative of 0*u + 0*u**4 + 0 + u**2 + 0*u**3 + 1/30*u**5. Let y(d) = d**2 + 11*d + 9. Let w be y(-10). What is z(w)?
2
Suppose -2*o = 4*b - 21 - 163, 3*b - 144 = -3*o. Let m = 40 - b. Let p(z) = -z**3 - 5*z**2 - z. Give p(m).
-12
Let w(b) = b**2 - 5 + 3*b + b + 0*b + 1. Let g be w(-7). Let a(z) = 9*z - g*z + z**2 - 11 + 7*z. Determine a(0).
-11
Let v(d) = d - 13. Let r be v(10). Let m = -20 - -21. Let k(z) = 3*z - 9*z**2 + z**3 - m + 8*z**2 + 6*z**2. Determine k(r).
8
Let z(p) be the second derivative of p**5/4 + p**4/4 - p**3/3 - 3*p**2/2 + 4*p. Let d(m) = -m**3 + m + 1. Let k(b) = -3*d(b) - z(b). Determine k(-2).
6
Let h(i) = -11*i**2 + 0*i + 3*i + 12*i**2 - 7*i. Let r(s) = s. Let u(t) = h(t) + 6*r(t). Determine u(-4).
8
Let y(j) = -3*j + 8. Let s = -10 + 15. Suppose 0 = -s*o - 0*o + 120. Suppose 0 = -7*v + 3*v + o. Determine y(v).
-10
Let n(l) = 133*l + 1 + 4 - 130*l. What is n(9)?
32
Let m(t) = -t**2 + 5*t - 1. Let n be m(2). Suppose 2*l = n*l. Let k(w) = w**2 - w - 6. Give k(l).
-6
Let f(u) be the second derivative of -u**4/6 + u**3/6 + u**2/2 - 2*u - 69. What is f(2)?
-5
Let b(i) = 5*i. Suppose x + 5*r = -25, -3*x - 4*r - 20 = -x. Suppose u = k - x*u + 2, 4*k = 3*u - 6. Suppose k = 3*p + 6. Give b(p).
-10
Suppose -1 = -0*x - x. Let g(j) be the third derivative of -5*j**4/12 - j**3/6 - 39*j**2 - 4. What is g(x)?
-11
Let y be 2/3 - (-16)/12. Let t be 15/9 + 1/3. Let d(l) = l**2 + 4*l + 0*l - 3*l + l - t. Calculate d(y).
6
Let u be 1/((-2)/(-6)*-1). Let h = 475 - 117. Let q(g) = -2 - 358*g + 716*g - g**2 - h*g. Determine q(u).
-11
Let t(h) = -h + 6. Let i = 0 - -4. Suppose -q = 4*w - 13, 4*q - 5*q + i*w = -5. Let b = q + -4. Give t(b).
1
Let l(s) be the third derivative of -3*s**4/4 + s**3/6 - 249*s**2. What is l(-2)?
37
Suppose -21 = -8*a + 11*a. Let s(c) = -4*c**3 - 3*c**2 - c - 5. Let t(q) = 3*q**3 + 4*q**2 - q + 3. Let m(k) = 2*s(k) + 3*t(k). What is m(a)?
-15
Let o(c) = 3*c**2 + 6*c + 5. Suppose -x - 3*s = -10, -3*x + s + 14 = x. Let u(j) = -5*j**2 - 12*j - 10. Let y(g) = x*u(g) + 7*o(g). Calculate y(6).
-5
Suppose -2*l = -1 - 3. Let m(q) = -3. Let w(s) = -s. Let c(x) = l*w(x) - m(x). What is c(2)?
-1
Let d = -91 + 55. Let q = d - -42. Let h(a) = -4*a + 3. What is h(q)?
-21
Let x(y) be the first derivative of -y**3 + y**2 + y + 426. Calculate x(2).
-7
Suppose -3*w = -3*p, -5*w + 2 = -p - 3*p. Let o(b) = 4*b - 16. Let j be o(p). Let i(x) = 1. Let q(c) = c - 3. Let z(g) = -5*i(g) - q(g). Determine z(j).
6
Let a(h) be the first derivative of 5 - 13/2*h**2 + h. Let f(v) = v + 6. Let u be f(-5). What is a(u)?
-12
Let h(x) be the first derivative of -x**2/2 - 168. What is h(6)?
-6
Let l(v) = v + 3. Let j(d) = -d**3 + 3*d**2 + 2*d - 2. Let f be j(3). Suppose -2*k - f - 6 = 0. What is l(k)?
-2
Let u(v) = -7*v. Let d(s) = 4*s - 1. Let j(w) = 2*d(w) + u(w). Calculate j(-2).
-4
Suppose 4*g = 2*x - 10, -2*g + 3*x - 43 = -28. Let o(q) = 5*q + 3. Calculate o(g).
3
Let w(i) = -4*i - 1. Let a be -1 - -3 - 12/(-2). Suppose -2*k = -a*k + 12. Calculate w(k).
-9
Let k be -18 - 1 - (1 + 1). Let t = k - -5. Let x = -22 - t. Let g(p) = -p + 3. What is g(x)?
9
Let v = -34 + 23. Let h be (6 + 0)*v/(-2). Let l = h + -27. Let t(b) = -b + 7. What is t(l)?
1
Let t(i) = 13*i**2 + 58*i - 76. Let o(x) = 5*x**2 + 19*x - 26. Let l(v) = 8*o(v) - 3*t(v). What is l(21)?
-1
Suppose 12*c + c = -156. Let d(z) = z**3 + 12*z**2 - z + 4. Give d(c).
16
Let u(l) = l**3 + l**2 + 1. Let k(q) = 2*q**3 - 3*q**2 + 8*q + 5. Suppose 2 = 2*s - 4*o - 12, -3*s - 29 = 4*o. Let h(a) = s*u(a) + k(a). Determine h(-7).
-5
Let y be (-2 + 1)*(0 + -1). Let c(n) = 3*n**2 + 2*n + 1. Let k be c(y). Let d(x) = -3 + x**2 + 0 + 3*x + 0 - 8*x. Calculate d(k).
3
Let k = -5 - -6. Let n(u) be the first derivative of -u**5/15 - u**4/24 + u**3/6 - 5*u**2/2 - 5. Let l(m) be the second derivative of n(m). Calculate l(k).
-4
Let q(u) = u**2 + 102 + 103 - 191. Give q(0).
14
Suppose -2*f + 2*v = -14, -4*f + 6 = 2*v - 16. Let h(a) = a**3 - 2*a**2 - 12*a. Let c(j) = -j**3 + 2*j**2 + 11*j. Let t(s) = f*h(s) + 7*c(s). Calculate t(4).
-12
Let s(a) = 23*a**3 - a**2 - 2*a - 1. Suppose -11*t - 6 = -5*t. Calculate s(t).
-23
Let z(q) = -q**2 + 5*q - 6. Let t = 15 + -9. Suppose 48 = -t*i + 3*i. Let b = -12 - i. Give z(b).
-2
Let c(z) be the second derivative of -z**4/12 + z**3 - 3*z**2 + 277*z. Suppose -5*t - 2*s + 8 = -2*t, 0 = -t - 2*s. Determine c(t).
2
Let u be -2*9*2/(-12). Let x(a) be the second derivative of -1/12*a**4 + 1/6*a**u + 0 - 3*a + a**2. Give x(3).
-4
Let c be (0 + 10/(-4))*504/180. Let u(r) = r + 11. Calculate u(c).
4
Let z(f) = 3*f**3 + f**2 - 2*f - 3. Suppose -3*j = 4*m - 21, -2*m + 4*m - 6 = 0. Let u be (4/(-5 - j))/((-4)/(-16)). What is z(u)?
-19
Let m(s) be the third derivative of -5*s**4/24 - 107*s**2. Determine m(-1).
5
Let x(w) be the first derivative of w**2 + 31*w + 10. Let c be x(-14). Let q(s) = -s**3 + s**2 + 4*s - 1. Give q(c).
-7
Let y(b) be the third derivative of b**5/30 - b**4/24 + 5*b**3/6 + 2*b**2. Let q(k) be the first derivative of y(k). Let c = -6 + 4. What is q(c)?
-9
Let v(a) = a**3 + 5*a**2 -